 = -0*s. Suppose 4*f = -s*f + 148. What are the prime factors of f?
37
Let p(o) = -5*o + 3. Let x be p(-7). Suppose -n + f + x = 0, 6*n - n + 4*f - 145 = 0. List the prime factors of n.
3, 11
Suppose 4*t + 1380 = 3*j, 4*j - 5*t = 875 + 965. What are the prime factors of j?
2, 5, 23
Let s = -1741 + 5225. What are the prime factors of s?
2, 13, 67
Let h(c) = -c**2 - 13*c + 3. Suppose 4*o + 5*q = 3352, -3174 - 987 = -5*o + q. Let t be 2/9 + o/(-63). What are the prime factors of h(t)?
3
Suppose -3*b = -8*b + 45. Let h = 77 - 73. Suppose -h*i = -3*i - b. What are the prime factors of i?
3
Let v(m) = -m**3 + 37*m**2 - 46*m + 204. What are the prime factors of v(31)?
2, 71
Let i(a) = 3*a - 37. Let j(b) = 3*b**3 - 7*b**3 + 3*b**3 + 8*b + 5 - 2*b**2 - b**2. Let h be j(-5). What are the prime factors of i(h)?
2
Suppose -9 + 3 = -3*y. Suppose 5*v + 3*a - 126 = 0, 52 = 5*v - y*a - 64. Suppose 8 + v = 4*x. What are the prime factors of x?
2
List the prime factors of 1 - 0 - ((-562)/1 - -9).
2, 277
Suppose -11*v = -84*v + 148117. What are the prime factors of v?
2029
Suppose -9*k + 1125 - 216 = 0. List the prime factors of k.
101
Suppose w - 405 - 45 = 4*s, -2*w + 2*s = -870. List the prime factors of w.
2, 5, 43
Let p(l) = l**3 + 13*l**2 - l + 15. Let c be p(-13). Let x(m) = 3 - 6 + 1 + 1 - c*m. What are the prime factors of x(-1)?
3
Let j(k) = -2*k**3 + k + 2. Let u be j(-2). Suppose 2*n - 4*r = u, 3 = -3*r - 3. Suppose n*h + 128 = 6*h. List the prime factors of h.
2
Let d(p) = -100*p**3 + 2*p**2 + 6*p - 11. Let x(r) = 67*r**3 - r**2 - 4*r + 7. Let c(y) = 5*d(y) + 8*x(y). Let m = 0 + 1. What are the prime factors of c(m)?
37
Let o(k) = -30*k + 49. List the prime factors of o(-10).
349
Let m = -764 - -1092. Let a = m - 227. List the prime factors of a.
101
Let h(j) = 1 + 0*j + 3 + 1 + 2*j + j**2. Let y(r) = -3*r + 6. Let o be y(4). What are the prime factors of h(o)?
29
Let r(d) = -3*d + 36. Let k be r(12). Suppose -13*o + 11*o + 316 = k. What are the prime factors of o?
2, 79
Let b(j) = -j + 77. Let n = -68 + 68. List the prime factors of b(n).
7, 11
Suppose 50890 = 15*m + 7015. List the prime factors of m.
3, 5, 13
Suppose 50 = 12*a - 7*a. Let n(q) = -14*q**3 - 10 + a + q**2 - 8*q**3. What are the prime factors of n(-1)?
23
Suppose -l + 678 = 2*n, -2*n = 35*l - 33*l - 1346. List the prime factors of l.
2, 167
Let z be 206*((-20)/8 + 4/2). Let p = z - -190. List the prime factors of p.
3, 29
Let m be (-1)/(-4) + 5447/52. Let g = m - 61. List the prime factors of g.
2, 11
Let r be ((-140)/14)/(2 + 0 + -1). Let a(d) = -3*d**2 + 2*d + 1. Let q be a(2). Let w = q - r. List the prime factors of w.
3
Let l(t) = -t + 15. Let k = -26 + 23. Let p be (-350)/(-42) + 4/k. What are the prime factors of l(p)?
2
Let p(y) = 114*y + 3. Let u be p(2). List the prime factors of 3/(-6) + u/6.
2, 19
List the prime factors of (-4)/12 - 0 - 13899/(-9).
2, 193
Suppose 80 = -5*u - 4*z, -5*u = 2*z + 80 - 10. Let p = 6 - u. Suppose -146 + p = -4*j. List the prime factors of j.
2
Let k(z) = -14*z + 22. Let s be k(18). Let w = s + 409. List the prime factors of w.
179
Suppose -u - s - 4*s + 85 = 0, 3*s = u - 109. Suppose -348 = -4*k - 2*c + u, -3*c - 105 = -k. List the prime factors of k.
3, 37
Suppose 3*q + 4*s - 77 = 0, -2*q = 3*s + 17 - 70. Suppose -5*d + 101 + q = 0. Suppose g - 23 = d. What are the prime factors of g?
47
Let s(b) = -4*b + 74. Let g be s(19). Let m(z) = -z + 26. Let k be m(0). Let r = g + k. What are the prime factors of r?
2, 3
What are the prime factors of 2404/(-6)*(-2 - 30/12)?
3, 601
Let o(s) = -21*s**2 + 3*s - 1. Let p be o(2). Let y = -66 - p. What are the prime factors of y?
13
What are the prime factors of (-91403)/(-156) - ((-100)/48 + 2)?
2, 293
Suppose 4*t + 1539 = f, 5*f = t + 4*t + 7740. What are the prime factors of f?
3, 11, 47
Suppose 21 = 9*k - 42. Suppose -k = -2*s + 3*x + 75, 2*x = 4*s - 164. List the prime factors of s.
41
List the prime factors of 5*20/(-50) + (70 - 0).
2, 17
Let i(y) be the third derivative of y**4/24 - 5*y**3/6 + y**2. Let t be -6*((-4)/3)/1. What are the prime factors of i(t)?
3
Suppose 11*w + 2*w = 5421. List the prime factors of w.
3, 139
Let s(c) = 7*c**3 - 2*c**2 - 13*c - 7. Let u be s(-4). Let o = -282 - u. What are the prime factors of o?
3, 17
What are the prime factors of 12*4474*(-5)/(-60)?
2, 2237
Suppose -5*x = -3*x - 4. Let n be (1 + 3)/(x/5). List the prime factors of n + -4 - (0 + 3).
3
Let u = -2745 - -7377. List the prime factors of u.
2, 3, 193
Let k(n) = -75*n**3 + 18*n**2 + 71*n - 15. List the prime factors of k(-4).
4789
Suppose -4*l + 318 = -74. Suppose 0*w + l = 2*w. Suppose -3*t = 3*z - 2*t - 45, -w = -4*z - 5*t. List the prime factors of z.
2
Suppose -10*o + 120 = -9*o. Let q = o + -32. What are the prime factors of q?
2, 11
Let x be (-17)/(714/(-72))*14/4. Suppose x = 3*o + 5*z - 0, 3*o = 5*z + 6. List the prime factors of o.
2
Let q(t) = -t**3 + 5*t**2 - 2*t + 5. Let b be q(5). Let y be (b - -6) + 13 + 2. Let o = y - 10. List the prime factors of o.
2, 3
Suppose 0 = -3*a - 5*g + 11 - 0, -1 = -3*a + 5*g. Suppose -14 = -a*j - 0*j. What are the prime factors of j?
7
Let q(l) = -53*l - 414. List the prime factors of q(-12).
2, 3, 37
Suppose -30 = 4*s - 2. Let u = s - -22. Let c = 38 - u. List the prime factors of c.
23
Let k(y) = -y**3 - 41*y**2 - 9*y - 46. List the prime factors of k(-41).
17, 19
Let p be (-4)/14 - 48/(-21). Let m(z) = -3 + z**3 - 2*z + 3*z**p + 5 + 2 + 0*z**2. List the prime factors of m(-3).
2, 5
Suppose -16 = -5*z - 91. Let f be z/(-35) - 274/(-14). Suppose -5*v = i - f - 4, 3*v = -i + 34. What are the prime factors of i?
7
Let p = -10 - -33. Suppose -1015 = -28*w + p*w. What are the prime factors of w?
7, 29
Let o = -25 + 48. Let r(s) = 30*s + 1. Let c be r(1). Suppose 2*i - c - o = 0. What are the prime factors of i?
3
Let v = -802 + 3338. What are the prime factors of v?
2, 317
Let y(t) = -t - 2. Suppose -3*l + 0 + 42 = 0. Let f be ((-2)/4)/(l/364). What are the prime factors of y(f)?
11
What are the prime factors of (-19)/152 - (-5858)/16?
2, 3, 61
Let m(v) = 47*v + 78. List the prime factors of m(6).
2, 3, 5
Suppose 7*y - 70 = 6*y. Suppose 5*s + 92 = 4*p, -3*p + y = 2*s - 6*s. What are the prime factors of p?
2, 3
Let p(y) = -y**2 - 8*y + 6. Let a(u) = -9*u + 7. Let m(k) = 4*a(k) - 5*p(k). List the prime factors of m(-3).
31
What are the prime factors of (-2 + 1)/((-1)/491)?
491
Let z be 2/10 + 1/(-5). Suppose 2*b - 55 + 17 = z. List the prime factors of b.
19
Suppose 3*o + 12 = 9*o. Let g(a) = -a**2 + 6*a - 4. List the prime factors of g(o).
2
Suppose -8966 = -7*c + 6791. What are the prime factors of c?
2251
Let a be (-32)/(-6)*(-6)/(-4). Suppose -2*d - 2*d = -a. Suppose x - 18 = -2*b, 2*x + 0*x = d*b - 18. List the prime factors of b.
3
Let o(y) = -5*y + 3*y - 3*y + 10 - y**3 + y**2. Let d be o(-5). Suppose 7*n - 2*q = 2*n + d, 3*n = 3*q + 111. What are the prime factors of n?
37
Suppose 14 = h - 2*h. Let b be (156/(-14))/(2/h). Suppose 4*p = -3*m + b, 2*m + 2*p - 28 = m. List the prime factors of m.
2, 11
Let m(v) = -22*v - 2. List the prime factors of m(-6).
2, 5, 13
Let k = 52 - 50. List the prime factors of (-4 + 1)*34/(-6)*k.
2, 17
Suppose -5*b + 6 + 4 = 0. Suppose -b - 7 = -3*u. Suppose -u*q = -40 - 50. What are the prime factors of q?
2, 3, 5
Suppose 4*b - 16 = 0, 5*b - 25 = 2*k + 3*k. List the prime factors of (k - (-15)/(-6))*-30 - 2.
103
Suppose z = 5*d - 4160, -z + 2*z - 4170 = -5*d. What are the prime factors of d?
7, 17
What are the prime factors of 0 - 26*(0 + -11)?
2, 11, 13
Let q(i) be the third derivative of i**5/12 + i**4/24 - i**3/2 - 2*i**2. Let v be (-2)/(((-136)/3)/(-8) - 5). List the prime factors of q(v).
3, 13
Let f = -258 + 136. Let w = f - -232. What are the prime factors of w?
2, 5, 11
Let a be (3 - 3)*(-2)/(-6). Suppose a = -4*v - 0*v + 956. What are the prime factors of v?
239
List the prime factors of 0 - 9 - 198875/(-125).
2, 7, 113
Let j be (-371)/(-7) - (-2 - 1). Let p = j + 13. What are the prime factors of p?
3, 23
Suppose -27*t - 5323 + 69529 = 0. List the prime factors of t.
2, 29, 41
Let k(x) = -8 + 16*x + 6 + 2. Let c be k(-2). What are the prime factors of 2/8 - 632/c?
2, 5
Let g(d) = d**3 - 5*d**2 - 10*d + 48. Let h be g(6).